nds digit of 16302638?
2
What is the tens digit of 22460018?
1
What is the ten millions digit of 23298722?
2
What is the thousands digit of 54184257?
4
What is the hundred thousands digit of 65820240?
8
What is the thousands digit of 382843861?
3
What is the millions digit of 1562621345?
2
What is the units digit of 73130654?
4
What is the hundreds digit of 125423972?
9
What is the tens digit of 441170989?
8
What is the ten millions digit of 80260881?
8
What is the millions digit of 2215326?
2
What is the ten millions digit of 4701259119?
0
What is the billions digit of 1360697223?
1
What is the ten thousands digit of 235910889?
1
What is the units digit of 2045800028?
8
What is the ten millions digit of 196188395?
9
What is the thousands digit of 4941912085?
2
What is the hundred millions digit of 749923138?
7
What is the millions digit of 190684220?
0
What is the ten thousands digit of 54436577?
3
What is the ten millions digit of 5788787615?
8
What is the units digit of 326861917?
7
What is the ten millions digit of 188407090?
8
What is the thousands digit of 68437352?
7
What is the millions digit of 333232063?
3
What is the thousands digit of 530361477?
1
What is the units digit of 289389829?
9
What is the units digit of 151270878?
8
What is the hundred millions digit of 289553947?
2
What is the thousands digit of 39081242?
1
What is the units digit of 386436797?
7
What is the hundreds digit of 31380985?
9
What is the tens digit of 11815445?
4
What is the hundred millions digit of 1365987983?
3
What is the thousands digit of 142913096?
3
What is the thousands digit of 2673445595?
5
What is the millions digit of 54878089?
4
What is the ten thousands digit of 23529064?
2
What is the hundred millions digit of 1262546575?
2
What is the hundred thousands digit of 863738900?
7
What is the units digit of 32144890?
0
What is the millions digit of 42521707?
2
What is the tens digit of 89738154?
5
What is the ten thousands digit of 382005149?
0
What is the hundred millions digit of 253410789?
2
What is the ten thousands digit of 87507174?
0
What is the millions digit of 266652782?
6
What is the tens digit of 32134651?
5
What is the hundreds digit of 12676784?
7
What is the hundreds digit of 294231135?
1
What is the units digit of 1454330212?
2
What is the ten thousands digit of 2136961905?
6
What is the billions digit of 1898229578?
1
What is the thousands digit of 111712049?
2
What is the ten millions digit of 1337906818?
3
What is the ten millions digit of 504012265?
0
What is the hundred thousands digit of 2845620602?
6
What is the units digit of 66898027?
7
What is the ten millions digit of 73039003?
7
What is the ten millions digit of 75604886?
7
What is the billions digit of 1878759035?
1
What is the billions digit of 5831592170?
5
What is the units digit of 2886231230?
0
What is the units digit of 2891612979?
9
What is the hundred thousands digit of 2080133171?
1
What is the millions digit of 339601176?
9
What is the thousands digit of 71483768?
3
What is the thousands digit of 66899084?
9
What is the tens digit of 13670957?
5
What is the ten millions digit of 884981329?
8
What is the ten millions digit of 116267984?
1
What is the thousands digit of 177856304?
6
What is the tens digit of 69834770?
7
What is the tens digit of 1956145789?
8
What is the ten millions digit of 1030482813?
3
What is the hundred thousands digit of 1965298761?
2
What is the thousands digit of 6881736?
1
What is the thousands digit of 135268831?
8
What is the hundred thousands digit of 41809766?
8
What is the millions digit of 119071787?
9
What is the millions digit of 4508268585?
8
What is the units digit of 499788259?
9
What is the ten thousands digit of 302766220?
6
What is the ten millions digit of 4119459601?
1
What is the units digit of 4828823?
3
What is the hundreds digit of 2350937905?
9
What is the hundreds digit of 402927814?
8
What is the thousands digit of 1679414677?
4
What is the billions digit of 6722663478?
6
What is the ten thousands digit of 822505387?
0
What is the units digit of 26121524?
4
What is the hundred thousands digit of 87908015?
9
What is the tens digit of 41396195?
9
What is the billions digit of 3439749799?
3
What is the ten millions digit of 186575608?
8
What is the hundred thousands digit of 2797208?
7
What is the hundreds digit of 64359593?
5
What is the ten millions digit of 38722429?
3
What is the hundreds digit of 909716255?
2
What is the hundred thousands digit of 289663072?
6
What is the ten millions digit of 634221139?
3
What is the hundred millions digit of 3368842157?
3
What is the hundred millions digit of 538192435?
5
What is the hundred thousands digit of 362592362?
5
What is the tens digit of 5178323196?
9
What is the units digit of 373500622?
2
What is the ten millions digit of 40027753?
4
What is the thousands digit of 245619265?
9
What is the ten thousands digit of 716121669?
2
What is the hundred thousands digit of 21010962?
0
What is the hundred millions digit of 750397508?
7
What is the millions digit of 117976266?
7
What is the ten thousands digit of 159894703?
9
What is the ten millions digit of 70072430?
7
What is the units digit of 646957313?
3
What is the hundreds digit of 112988606?
6
What is the thousands digit of 1409252382?
2
What is the hundred thousands digit of 237947725?
9
What is the thousands digit of 1478369?
8
What is the millions digit of 99893586?
9
What is the millions digit of 6566058868?
6
What is the millions digit of 1971626582?
1
What is the hundred thousands digit of 807299955?
2
What is the ten millions digit of 415089563?
1
What is the tens digit of 436910517?
1
What is the millions digit of 762072247?
2
What is the ten thousands digit of 2762648?
6
What is the hundreds digit of 3243330?
3
What is the millions digit of 31746133?
1
What is the units digit of 265669344?
4
What is the hundreds digit of 130756274?
2
What is the hundred thousands digit of 2196060474?
0
What is the thousands digit of 1058752578?
2
What is the hundred thousands digit of 38231726?
2
What is the millions digit of 1777744233?
7
What is the thousands digit of 62836477?
6
What is the ten thousands digit of 116068809?
6
What is the tens digit of 171440162?
6
What is the hundred thousands digit of 701069544?
0
What is the hundreds digit of 4153279?
2
What is the millions digit of 2155633009?
5
What is the hundred millions digit of 2175383789?
1
What is the tens digit of 22291272?
7
What is the ten thousands digit of 605830504?
3
What is the ten thousands digit of 89323549?
2
What is the ten millions digit of 3223611023?
2
What is the thousands digit of 496855187?
5
What is the hundred millions digit of 107089159?
1
What is the thousands digit of 115068869?
8
What is the units digit of 925261676?
6
What is the hundred millions digit of 221168722?
2
What is the ten millions digit of 57135130?
5
What is the hundreds digit of 145095012?
0
What is the ten thousands digit of 2500716666?
1
What is the thousands digit of 1764124645?
4
What is the ten millions digit of 66771676?
6
What is the hundreds digit of 196683471?
4
What is the units digit of 255534549?
9
What is the tens digit of 172728590?
9
What is the hundred thousands digit of 75061459?
0
What is the hundred thousands digit of 1292608310?
6
What is the hundreds digit of 25613858?
8
What is the hundred thousands digit of 4162433091?
4
What is the units digit of 43944027?
7
What is the hundreds digit of 28828432?
4
What is the ten millions digit of 3796203490?
9
What is the ten thousands digit of 4215830127?
3
What is the units digit of 137594584?
4
What is the thousands digit of 77501204?
1
What is the hundreds digit of 115685978?
9
What is the thousands digit of 110766221?
6
What is the hundred millions digit of 2917293347?
9
What is the tens digit of 494740229?
2
What is the hundreds digit of 2391793423?
4
What is the tens digit of 12907805?
0
What is the tens digit of 1815531526?
2
What is the ten thousands digit of 307408907?
0
What is the units digit of 520610339?
9
What is the hundreds digit of 1634819909?
9
What is the hundred thousands digit of 874954180?
9
What is the units digit of 1173986?
6
What is the hundred millions digit of 1135512500?
1
What is